14/6. Is (-11)/(2*b/30) a prime number?
False
Suppose 1869 = 2*i - 1009. Is i prime?
True
Let o(n) = 4*n**2 - 2*n - 4. Let h be o(4). Suppose h - 186 = -r. Is r a prime number?
False
Suppose 4*v - 5*k = -15 + 2, 0 = -2*v - 5*k + 1. Is v - (1*-134)/2 a prime number?
False
Let n = -111 + 156. Is 0 + 2 + 1*n a composite number?
False
Let z(j) = 12*j + 7. Is z(6) a prime number?
True
Let a(b) = -b - 5. Let t = 1 + -8. Let c be a(t). Is ((-33)/(-2))/(1/c) a prime number?
False
Let j(p) = 2*p - 1. Let y be ((-2)/(-5))/(1/10). Is j(y) composite?
False
Let d be 2*3 - (-6)/42*-7. Let y(r) = r**3 - r - 3 + 2*r + 0. Is y(d) composite?
False
Is (8834/(-21))/((-8)/12) composite?
False
Let x(d) = -d**2 - 7*d - 4. Let b be x(-6). Suppose 2*a + b*t - 150 = 0, 5*a = 2*t - 164 + 567. Is a a composite number?
False
Suppose c + 4*c = 540. Suppose 0 = -2*o + 2*d + c, -o + 182 = 2*o + d. Is o prime?
True
Let k = 258 + 245. Suppose 5*v - 830 = -d - 4*d, k = 3*v + 4*d. Is v prime?
False
Let s = -109 - -389. Let b = s - 75. Is b a prime number?
False
Let z(y) = y**3 - 3*y**2 + 4*y - 2. Let p be z(2). Let r(o) = 9*o**2 - 3*o. Let q be r(p). Suppose q = 2*w - 0*w. Is w composite?
True
Is (2690/5)/(4*(-1)/(-14)) prime?
False
Suppose 0 = 25*j - 24*j - 1381. Is j composite?
False
Let a(u) = u**2 + 8*u + 9. Let i be a(-9). Suppose -5*g + 781 = 2*w - i, 5*g = -5*w + 790. Is g composite?
True
Let n(j) = -j**3 + 5*j**2 + 9*j - 10. Is n(5) a composite number?
True
Suppose q - 6 = -o, -8*q + 3*q + 24 = 3*o. Let y(b) = -2*b + 2*b**3 + b**2 - b**3 + 10*b**q + 1. Is y(1) a prime number?
True
Is (-4 - -3)*-120 + 3 composite?
True
Let x be (-71)/(-3)*(-6)/(-2). Suppose 0*w + x = w. Is w composite?
False
Let j(r) = r**3 + 12*r**2 - 12*r + 4. Suppose 5*s - 18 = 7*s. Is j(s) prime?
False
Suppose -h + 157 = -0*h. Is h a composite number?
False
Let k(m) = -2*m**2 + 2. Let c be k(2). Let b(q) = q**2 + q - 11. Is b(c) composite?
False
Suppose 1221 = 6*f - 285. Is f a prime number?
True
Let x(p) = -p**2 + 4*p + 3. Let v be x(5). Is (2/(-4))/(v/44) a prime number?
True
Suppose d - 15 = -4*d. Let p(g) = 13*g + 25*g - 2 - d + 14*g. Is p(4) a prime number?
False
Suppose -5*v + 6*f = f - 45, -2*f + 10 = 5*v. Let n(d) = -6*d**3 + 3 - 2 - v*d**3 - d**2. Is n(-1) composite?
True
Suppose 21 = 3*d - 6. Let f be 105*(-1)/(d/(-6)). Suppose 3*c + 15 = 0, -2*q = q - 5*c - f. Is q composite?
True
Suppose a = -3*k + 737 - 166, -583 = -3*k + 5*a. Is k a prime number?
True
Let f be 1/(2/(-6) - 0). Let d(g) = -g**3 - 2*g + 2. Is d(f) prime?
False
Let f(i) = 137*i**3 - i**2 + 2*i - 2. Let u be f(1). Let o = u + -69. Is o a composite number?
False
Let c(u) = -u**2 - u + 145. Is c(0) composite?
True
Suppose -2780 = -5*n - 5*v, 3*v + 986 = 4*n - 1224. Is n prime?
False
Let p = -214 + 405. Is p prime?
True
Suppose -3*o - 273 = -f, 6*f - 2*o = f + 1339. Is (-10)/(2/f*-3) composite?
True
Suppose -12*n = -14*n + 5862. Is n a prime number?
False
Suppose 3*o - 109 = 5*g, 4*o - g + 5*g = 188. Is o a composite number?
False
Let i(w) = -w**3 + 2*w**2 + 3*w - 1. Let g be i(2). Let u be 1/g - 24/(-5). Let m(f) = 17*f + 6. Is m(u) a composite number?
True
Let y be 279/(-12) - 1/(-4). Let p = 60 + y. Is p a prime number?
True
Let x = -57 + 60. Suppose 2*d + 9 = 5*d, -1877 = -5*y - 4*d. Suppose x*g = 4*g - y. Is g prime?
True
Let x = -1 + 4. Suppose 5*m + 169 = x*y, m + 3*m + 61 = y. Is y prime?
True
Let z be 4 + 3*4/(-12). Suppose p - z*y = y + 105, 4*p + y = 386. Is p a composite number?
False
Suppose 39 = 2*s - s. Suppose -28 = -4*o - 148. Let n = s - o. Is n prime?
False
Let c = -3 - -6. Suppose c*d + 26 = 5*d. Is d composite?
False
Let o be -2 + 2 + (-3 - 0). Let k be (o/6)/(2/(-16)). Suppose 2*d - 134 = -3*b - 49, -k*b - 12 = 0. Is d composite?
False
Suppose -v = 3*v + 492. Is 4/10 - v/5 composite?
True
Let j = -13 + 18. Suppose -n + j*n = 596. Is n a composite number?
False
Suppose -4*d + 10 + 6 = 0. Suppose -2*h = -2*g - 38, -d*g - 16 = -h - 2*g. Is h a prime number?
False
Suppose 5*u - 23 = 4*v, -u + 5*v - 6 = 2. Let c = -1 - -1. Suppose 4*o + d = 42, c = -o - 2*d + u*d. Is o composite?
True
Let z(k) = -k + 3. Let m be z(6). Is 0 + m - -8*11 a prime number?
False
Let p be -10 + 2 - (0 - -1). Let w be (10 - 2)*p/(-12). Let t(q) = 2*q**2 + 6*q + 5. Is t(w) a prime number?
True
Suppose 3*t = -0*t - 5*x + 2, t + 4 = -4*x. Let d(p) = 36*p + 1. Is d(t) prime?
False
Let n be (0 + -3)*8/(-6). Suppose 3*z - 3*s = 21, -6*z + 3*z + 2*s = -18. Suppose b - 28 = -b - n*h, -z*b + 3*h + 12 = 0. Is b a composite number?
True
Let i = 15 + -8. Let u(r) = 4 + i + r - 4. Is u(-4) a prime number?
True
Let q = -1187 + 1809. Is q prime?
False
Let s = 113 - 36. Is s prime?
False
Suppose 0 = 5*v - 3994 - 1311. Is v a prime number?
True
Let d = 18 + -20. Is (9 - 19)/(d/17) a prime number?
False
Suppose 2*k - k - o = -2, 5*o - 10 = -4*k. Suppose q + 0*q - 235 = k. Is q prime?
False
Suppose -2*w = -3*v + 2152 + 6179, 11122 = 4*v + 2*w. Is v composite?
True
Let k(w) be the third derivative of 0*w**4 - 2/3*w**3 + 1/60*w**5 - 3*w**2 + 0*w + 0. Is k(5) a composite number?
True
Suppose -4*r - 1 + 9 = o, 0 = 2*r + o - 2. Suppose 0 = r*s - 7*s + 212. Is s a composite number?
False
Let m(j) = -7*j**2 - j + 3. Let u be m(3). Let r(a) = 10*a**3 + a**2 + 3*a - 4. Let v be r(-3). Let k = u - v. Is k prime?
True
Let q(m) = 2*m + 2. Let k be q(4). Is k*(1 + (-18)/(-4)) prime?
False
Suppose -5*u = -u - 716. Is u a prime number?
True
Suppose -85 + 775 = 5*f. Let l be (f/(-12))/((-2)/(-24)). Let s = -89 - l. Is s composite?
True
Let d = 109 - -14. Suppose 2*l - 167 - d = 0. Is l a prime number?
False
Let g be (2 + -3)*-167 - 1. Let m be g/(-3) + 1/3. Let v = m - -86. Is v composite?
False
Suppose -m + 47 = -2*k + 6*k, 0 = 3*m + 3*k - 177. Suppose b + 16 = -0*b. Let v = m - b. Is v a prime number?
True
Let n be 5 - (-3)/6*-6. Let o(y) = -y**3 + 3*y**2 - y + 1. Let p be o(n). Suppose 84 - 6 = p*g. Is g prime?
False
Let n(o) = -21*o**3 - 3*o**2 + 2*o - 3. Let p(m) = 20*m**3 + 2*m**2 - m + 2. Let d(c) = 2*n(c) + 3*p(c). Is d(1) a composite number?
False
Let x(r) = 91*r - 20. Is x(3) composite?
True
Let q = 0 + -2. Let d(w) be the first derivative of 5*w**3/3 + w**2/2 + w - 4. Is d(q) a composite number?
False
Let s(n) = 7*n + 6. Is s(9) composite?
True
Let n = -573 + 1114. Is n a composite number?
False
Let u = 373 - 194. Is u a composite number?
False
Suppose 0*n - 28 = -4*n. Let o(c) = 17*c - 6. Is o(n) composite?
False
Let k(g) = g**2 + 8*g - 9. Let m be k(-9). Suppose -2*t + 5*u + 1060 = 3*t, m = 4*t + 4*u - 840. Is t a composite number?
False
Let r = 34 + -8. Let x = 45 - r. Is x a prime number?
True
Let q(n) = -5*n**3 - 4*n**2 + 7*n + 5. Is q(-4) prime?
True
Let z(d) = -6*d**3 - 5*d**2 + 10. Is z(-7) a prime number?
True
Let a(c) = c**3 + 2*c**2 - 6*c + 2. Let k be a(4). Suppose 0 = r + r - k. Is r a prime number?
True
Suppose -4*f + 5685 = -f. Is f prime?
False
Let m be 2 - 1 - (1 - 157). Suppose 1 = 2*c + 47. Let h = m + c. Is h prime?
False
Let n(v) = 32*v**2 - 17*v - 11. Is n(8) prime?
True
Suppose 21*q = 12*q + 6921. Is q a prime number?
True
Suppose u + 6 = -2. Let r = u + 12. Suppose r*o - p - 590 + 118 = 0, 583 = 5*o - 3*p. Is o a composite number?
True
Is (1 - 84)*(7 - 18) prime?
False
Suppose 0 = -5*t + 262 + 33. Suppose -3*q + 2*q + t = 0. Is q prime?
True
Let x = 66 + -41. Suppose -80 = -5*m + x. Is m composite?
True
Suppose 0*s = -3*f - 4*s + 20, -2*f = 4*s - 8. Suppose 3*r = f + 66. Is r prime?
False
Let v = -41 - -79. Suppose -5*m + v + 67 = 0. Is m a composite number?
True
Let k(c) = c**2 + 7*c + 4. Let g be k(8). Suppose 2*o = -2*o + g. Is o a composite number?
False
Let p be (-15)/(-5)*127/(-3). Suppose 0 - 74 = n. Let y = n - p. Is y a composite number?
False
Let u = 2165 - 833. Is u/16 + 2/(-8) a composite number?
False
Let r = 79 - 41. Suppose 3*l = -0*l - c + 28, -4*l - c = -r. Is l a composite number?
True
Let y = -7 + 11. Suppose -8 + y = -f. Suppose -v = 3*m - 2 - 21, 32 = f*v - 3*m. Is v composite?
False
Suppose -3*n = 5*u - 1462, 3*u - 103 = -n + 775. Is u prime?
True
Let s(l) = l**2 - 2*l - 5. Let t be s(4). Is (113/2)/(t/6) composite?
False
Let z = 4324 + -2477. Is z a composite number?
False
Let t(x) be the first derivative of 